alse
Is 243197 composite?
False
Is 109085 composite?
True
Is 7087 prime?
False
Is 218677 a composite number?
False
Is 6739 a prime number?
False
Is 896979 prime?
False
Is 67029 a composite number?
True
Is 1353133 prime?
True
Is 120703 a prime number?
False
Is 2933 prime?
False
Is 24623 a prime number?
True
Is 65479 a prime number?
True
Is 11945 composite?
True
Is 14206 a composite number?
True
Is 307 a prime number?
True
Is 41069 composite?
True
Is 93553 a composite number?
False
Is 33809 prime?
True
Is 1141 a composite number?
True
Is 31907 composite?
False
Is 29459 a composite number?
True
Is 81611 prime?
True
Is 5639 composite?
False
Is 663326 composite?
True
Is 9115 a prime number?
False
Is 1506121 a composite number?
False
Is 60019 a prime number?
False
Is 355 a prime number?
False
Is 9587 prime?
True
Is 114143 a prime number?
True
Is 39157 composite?
False
Is 114693 a composite number?
True
Is 234743 composite?
False
Is 14567 composite?
True
Is 159667 prime?
True
Is 10522 a prime number?
False
Is 15013 a prime number?
True
Is 745 a prime number?
False
Is 16771 a prime number?
False
Is 614273 composite?
True
Is 322549 a composite number?
False
Is 145149 a composite number?
True
Is 32397 a composite number?
True
Is 11113 composite?
False
Is 653309 a composite number?
True
Is 45221 prime?
False
Is 6109 prime?
False
Is 2743 a prime number?
False
Is 281189 a composite number?
False
Is 62171 prime?
True
Is 853 a prime number?
True
Is 156467 composite?
False
Is 84649 composite?
False
Is 2701201 a composite number?
False
Is 200003 prime?
True
Is 377189 a prime number?
False
Is 1081 composite?
True
Is 2069 composite?
False
Is 134 a composite number?
True
Is 1306849 a composite number?
False
Is 7993 a composite number?
False
Is 13543 a prime number?
False
Is 20561 a prime number?
False
Is 242303 a prime number?
False
Is 6487 a prime number?
False
Is 9469 prime?
False
Is 213349 composite?
False
Is 24659 composite?
False
Is 132007 prime?
False
Is 12637 prime?
True
Is 536885 composite?
True
Is 592577 prime?
True
Is 41063 a composite number?
True
Is 3326 composite?
True
Is 17729 a prime number?
True
Is 3221 a prime number?
True
Is 158519 a prime number?
True
Is 1187 a prime number?
True
Is 1167567 a composite number?
True
Is 104267 prime?
False
Is 887 a prime number?
True
Is 5218 a composite number?
True
Is 19709 composite?
False
Is 25561 composite?
False
Is 377 composite?
True
Is 15757 a prime number?
False
Is 99001 a composite number?
True
Is 8663 prime?
True
Is 11579 a prime number?
True
Is 152111 a composite number?
False
Is 3541 prime?
True
Is 3119 a composite number?
False
Is 46261 a prime number?
True
Is 408059 composite?
True
Is 1082099 a prime number?
True
Is 225679 composite?
True
Is 391082 prime?
False
Is 657697 a prime number?
False
Is 7379 a prime number?
False
Is 190933 a prime number?
False
Is 114371 a composite number?
False
Is 2483 a prime number?
False
Is 10279 prime?
False
Is 115793 composite?
False
Is 119227 a prime number?
True
Is 12301 a composite number?
False
Is 522601 composite?
False
Is 17821 a composite number?
True
Is 24317 a composite number?
False
Is 4561 composite?
False
Is 6927 a prime number?
False
Is 1741 prime?
True
Is 234139 a composite number?
False
Is 52795 prime?
False
Is 887 composite?
False
Is 32141 composite?
False
Is 2927 composite?
False
Is 118841 prime?
False
Is 3151939 prime?
False
Is 217199 composite?
False
Is 680413 prime?
False
Is 235273 prime?
True
Is 5507 prime?
True
Is 304429 a composite number?
False
Is 796823 prime?
False
Is 74 prime?
False
Is 82811 a prime number?
True
Is 2973 a composite number?
True
Is 106261 composite?
False
Is 4507 prime?
True
Is 507739 prime?
False
Is 17903 a composite number?
False
Is 764741 a composite number?
True
Is 2514151 prime?
True
Is 7993 a prime number?
True
Is 2636639 prime?
False
Is 819521 a prime number?
False
Is 7669 prime?
True
Is 38113 a prime number?
True
Is 212647 composite?
True
Is 261971 composite?
False
Is 10399 a prime number?
True
Is 1195 prime?
False
Is 313301 a composite number?
False
Is 49553 prime?
False
Is 326437 a composite number?
False
Is 721391 a prime number?
False
Is 29413 a prime number?
False
Is 78707 composite?
False
Is 83783 a composite number?
True
Is 298 composite?
True
Is 5129 prime?
False
Is 136707 composite?
True
Is 52373 prime?
False
Is 57457 prime?
True
Is 122387 a composite number?
False
Is 19531 composite?
False
Is 536381 prime?
False
Is 16202 a prime number?
False
Is 10559 a composite number?
False
Is 110183 prime?
True
Is 77 a prime number?
False
Is 1695127 prime?
False
Is 131203 a prime number?
True
Is 7639 composite?
False
Is 2459 composite?
False
Is 607349 composite?
False
Is 1273 a prime number?
False
Is 570173 a composite number?
False
Is 4111 a composite number?
False
Is 5257 composite?
True
Is 26977 a composite number?
True
Is 40265 a prime number?
False
Is 156059 prime?
True
Is 9983 composite?
True
Is 3293 composite?
True
Is 551 prime?
False
Is 708011 a composite number?
False
Is 30031 a prime number?
False
Is 13553 composite?
False
Is 6971 a composite number?
False
Is 122011 a prime number?
True
Is 419 prime?
True
Is 4001 composite?
False
Is 85001 a composite number?
True
Is 838 prime?
False
Is 10049 composite?
True
Is 926729 a composite number?
True
Is 44881 a prime number?
False
Is 99223 composite?
False
Is 55691 a composite number?
False
Is 64802 a prime number?
False
Is 566 composite?
True
Is 9527 a composite number?
True
Is 13811 composite?
True
Is 250919 prime?
True
Is 15187 a composite number?
False
Is 7789 a prime number?
True
Is 5435 a prime number?
False
Is 1214 a prime number?
False
Is 9287 a prime number?
False
Is 307 prime?
True
Is 2417 a composite number?
False
Is 292301 composite?
False
Is 471631 a prime number?
False
Is 528247 prime?
True
Is 896047 composite?
False
Is 217817 prime?
False
Is 13553 a composite number?
False
Is 1335847 a prime number?
True
Is 25399 a composite number?
True
Is 776729 composite?
False
Is 31111 prime?
False
Is 3203 prime?
True
Is 249241 composite?
True
Is 161485 a composite number?
True
Is 272689 a composite number?
True
Is 17957 prime?
True
Is 554051 prime?
True
Is 502463 a prime number?
False
Is 15783 a composite number?
True
Is 55849 prime?
True
Is 6598 a composite number?
True
Is 602053 a prime number?
False
Is 19841 a composite number?
False
Is 82129 a prime number?
True
Is 121461 composite?
True
Is 18041 prime?
True
Is 66901 a prime number?
False
Is 36251 a composite number?
False
Is 24331 a composite number?
True
Is 14699 a prime number?
True
Is 22735 a prime number?
False
Is 11131 composite?
False
Is 64849 a prime number?
True
Is 14143 a composite number?
False
Is 13093 prime?
True
Is 25081 a composite number?
True
Is 25663 a composite number?
True
Is 2225995 a prime number?
False
Is 3613 composite?
False
Is 23719 composite?
False
Is 49523 composite?
False
Is 48073 a prime number?
True
Is 368089 a composite number?
False
Is 583501 a prime number?
True
Is 25649 prime?
False
Is 62165 composite?
True
Is 45233 prime?
True
Is 190031 a prime number?
True
Is 66214 composite?
True
Is 319 a composite number?
True
Is 180065 prime?
False
Is 13303 a composite number?
True
Is 1481 composite?
False
Is 54037 prime?
True
Is 863 prime?
True
Is 53951 composite?
False
Is 366287 a composite number?
False
Is 1657 a composite number?
False
Is 21797 a prime number?
False
Is 31037 a prime number?
False
Is 115589 composite?
False
Is 106094 composite?
True
Is 37003 a prime number?
True
Is 9897 a composite number?
True
Is 1602179 a composite number?
True
Is 2022149 a composite number?
False
Is 417541 a composite number?
False
Is 110543 a prime number?
True
Is 2240673 a prime number?
False
Is 10249 a composite number?
True
Is 79967 composite?
False
Is 388099 composite?
False
Is 20593 composite?
False
Is 232871 composite?
False
Is 1594523 prime?
False
Is 1789649 a prime number?
True
Is 735499 composite?
True
Is 18037 composite?
True
Is 166063 a composite number?
False
Is 57745 prime?
False
Is 19733 a composite number?
True
Is 17183 a composite number?
False
Is 514555 a composite number?
True
Is 17213 composite?
True
Is 65969 a composite number?
True
Is 863 a composite number?
False
Is 190241